{"id":151,"date":"2020-05-30T17:56:34","date_gmt":"2020-05-30T15:56:34","guid":{"rendered":"http:\/\/bv-photographie.fr\/?page_id=151"},"modified":"2023-12-11T22:12:03","modified_gmt":"2023-12-11T21:12:03","slug":"b-v-p-h-o-t-o-g-r-a-p-h-i-e","status":"publish","type":"page","link":"https:\/\/bv-photographie.fr\/","title":{"rendered":"Boris Vigaud Photographie"},"content":{"rendered":"\n<p>Vente de tirages limit\u00e9s num\u00e9rot\u00e9s et sign\u00e9s.<\/p>\n\n\n\n<p>Prestations : Sport, Portrait, Mariage, Ev\u00e9nementiel, Outdoor,&#8230; et plus encore<\/p>\n\n\n\n<p>N&rsquo;h\u00e9sitez pas \u00e0 me contacter pour vos besoins photographiques !<\/p>\n\n\n\n<p>SIREN 514 610 864<\/p>\n\n\n\n<p><\/p>\n\n\n\n<p><a href=\"https:\/\/www.instagram.com\/borisvphotographie\/\">https:\/\/www.<\/a><a href=\"https:\/\/www.instagram.com\/borisvphotographie\/\" target=\"_blank\" rel=\"noreferrer noopener\">instagram<\/a><a href=\"https:\/\/www.instagram.com\/borisvphotographie\/\">.com\/borisvphotographie\/<\/a><\/p>\n","protected":false},"excerpt":{"rendered":"<p>Vente de tirages limit\u00e9s num\u00e9rot\u00e9s et sign\u00e9s. Prestations : Sport, Portrait, Mariage, Ev\u00e9nementiel, Outdoor,&#8230; et plus encore N&rsquo;h\u00e9sitez pas \u00e0 me contacter pour vos besoins photographiques ! SIREN 514 610 864 https:\/\/www.instagram.com\/borisvphotographie\/<\/p>\n","protected":false},"author":1,"featured_media":877,"parent":0,"menu_order":0,"comment_status":"closed","ping_status":"closed","template":"","meta":{"footnotes":""},"class_list":["post-151","page","type-page","status-publish","has-post-thumbnail","hentry"],"yoast_head":"<!-- This site is optimized with the Yoast SEO plugin v15.1.1 - https:\/\/yoast.com\/wordpress\/plugins\/seo\/ -->\n<title>Boris Vigaud Photographie - Boris Vigaud Photographie - Vercors<\/title>\n<meta name=\"description\" content=\"Boris Vigaud - Photographe professionnel \u00e0 Villard De Lans, dans le Vercors, sp\u00e9cialis\u00e9 en Mariage, \u00e9v\u00e9nements familiaux, portraits, photos corporate, etc. N&#039;h\u00e9sitez pas \u00e0 me contacter pour toute demande. Mon travaille favorise le &quot;sur le vif&quot; et les lumi\u00e8res naturelles. Je r\u00e9alise pour vous des s\u00e9ances de prises de vue selon vos souhaits? Chaque prestation est unique et je vous porpose un devis r\u00e9pondant au mieux \u00e0 vos attentes, de mani\u00e8re personnalis\u00e9e.\" \/>\n<meta name=\"robots\" content=\"index, follow, max-snippet:-1, max-image-preview:large, max-video-preview:-1\" \/>\n<link rel=\"canonical\" href=\"https:\/\/bv-photographie.fr\/\" \/>\n<meta property=\"og:locale\" content=\"fr_FR\" \/>\n<meta property=\"og:type\" content=\"article\" \/>\n<meta property=\"og:title\" content=\"Boris Vigaud Photographie - Boris Vigaud Photographie - Vercors\" \/>\n<meta property=\"og:description\" content=\"Boris Vigaud - Photographe professionnel \u00e0 Villard De Lans, dans le Vercors, sp\u00e9cialis\u00e9 en Mariage, \u00e9v\u00e9nements familiaux, portraits, photos corporate, etc. N&#039;h\u00e9sitez pas \u00e0 me contacter pour toute demande. Mon travaille favorise le &quot;sur le vif&quot; et les lumi\u00e8res naturelles. Je r\u00e9alise pour vous des s\u00e9ances de prises de vue selon vos souhaits? Chaque prestation est unique et je vous porpose un devis r\u00e9pondant au mieux \u00e0 vos attentes, de mani\u00e8re personnalis\u00e9e.\" \/>\n<meta property=\"og:url\" content=\"https:\/\/bv-photographie.fr\/\" \/>\n<meta property=\"og:site_name\" content=\"Boris Vigaud Photographie - Vercors\" \/>\n<meta property=\"article:author\" content=\"https:\/\/www.facebook.com\/bvphotographiefr\" \/>\n<meta property=\"article:modified_time\" content=\"2023-12-11T21:12:03+00:00\" \/>\n<meta property=\"og:image\" content=\"https:\/\/bv-photographie.fr\/wp-content\/uploads\/2022\/03\/WEB-2.jpg\" \/>\n\t<meta property=\"og:image:width\" content=\"1000\" \/>\n\t<meta property=\"og:image:height\" content=\"1000\" \/>\n<meta name=\"twitter:card\" content=\"summary_large_image\" \/>\n<script type=\"application\/ld+json\" class=\"yoast-schema-graph\">{\"@context\":\"https:\/\/schema.org\",\"@graph\":[{\"@type\":\"WebSite\",\"@id\":\"https:\/\/bv-photographie.fr\/#website\",\"url\":\"https:\/\/bv-photographie.fr\/\",\"name\":\"Boris Vigaud photographe Villard-De-Lans Vercors\",\"description\":\"\",\"potentialAction\":[{\"@type\":\"SearchAction\",\"target\":\"https:\/\/bv-photographie.fr\/?s={search_term_string}\",\"query-input\":\"required name=search_term_string\"}],\"inLanguage\":\"fr-FR\"},{\"@type\":\"ImageObject\",\"@id\":\"https:\/\/bv-photographie.fr\/#primaryimage\",\"inLanguage\":\"fr-FR\",\"url\":\"https:\/\/bv-photographie.fr\/wp-content\/uploads\/2022\/03\/WEB-2.jpg\",\"width\":1000,\"height\":1000},{\"@type\":\"WebPage\",\"@id\":\"https:\/\/bv-photographie.fr\/#webpage\",\"url\":\"https:\/\/bv-photographie.fr\/\",\"name\":\"Boris Vigaud Photographie - Boris Vigaud Photographie - Vercors\",\"isPartOf\":{\"@id\":\"https:\/\/bv-photographie.fr\/#website\"},\"primaryImageOfPage\":{\"@id\":\"https:\/\/bv-photographie.fr\/#primaryimage\"},\"datePublished\":\"2020-05-30T15:56:34+00:00\",\"dateModified\":\"2023-12-11T21:12:03+00:00\",\"description\":\"Boris Vigaud - Photographe professionnel \\u00e0 Villard De Lans, dans le Vercors, sp\\u00e9cialis\\u00e9 en Mariage, \\u00e9v\\u00e9nements familiaux, portraits, photos corporate, etc. N'h\\u00e9sitez pas \\u00e0 me contacter pour toute demande. Mon travaille favorise le \\\"sur le vif\\\" et les lumi\\u00e8res naturelles. Je r\\u00e9alise pour vous des s\\u00e9ances de prises de vue selon vos souhaits? Chaque prestation est unique et je vous porpose un devis r\\u00e9pondant au mieux \\u00e0 vos attentes, de mani\\u00e8re personnalis\\u00e9e.\",\"inLanguage\":\"fr-FR\",\"potentialAction\":[{\"@type\":\"ReadAction\",\"target\":[\"https:\/\/bv-photographie.fr\/\"]}]}]}<\/script>\n<!-- \/ Yoast SEO plugin. -->","_links":{"self":[{"href":"https:\/\/bv-photographie.fr\/index.php\/wp-json\/wp\/v2\/pages\/151","targetHints":{"allow":["GET"]}}],"collection":[{"href":"https:\/\/bv-photographie.fr\/index.php\/wp-json\/wp\/v2\/pages"}],"about":[{"href":"https:\/\/bv-photographie.fr\/index.php\/wp-json\/wp\/v2\/types\/page"}],"author":[{"embeddable":true,"href":"https:\/\/bv-photographie.fr\/index.php\/wp-json\/wp\/v2\/users\/1"}],"replies":[{"embeddable":true,"href":"https:\/\/bv-photographie.fr\/index.php\/wp-json\/wp\/v2\/comments?post=151"}],"version-history":[{"count":37,"href":"https:\/\/bv-photographie.fr\/index.php\/wp-json\/wp\/v2\/pages\/151\/revisions"}],"predecessor-version":[{"id":1095,"href":"https:\/\/bv-photographie.fr\/index.php\/wp-json\/wp\/v2\/pages\/151\/revisions\/1095"}],"wp:featuredmedia":[{"embeddable":true,"href":"https:\/\/bv-photographie.fr\/index.php\/wp-json\/wp\/v2\/media\/877"}],"wp:attachment":[{"href":"https:\/\/bv-photographie.fr\/index.php\/wp-json\/wp\/v2\/media?parent=151"}],"curies":[{"name":"wp","href":"https:\/\/api.w.org\/{rel}","templated":true}]}}